1. Determine s(j).
-10
Let p(n) = n**3 - n. Suppose 0 = b - x - 13, -4*b = -3*x + x - 46. Suppose -9*s - b = -11*s. Suppose 3*i + r = -5, -s*i + 0*i = -3*r + 13. What is p(i)?
-6
Let d = -42 - -19. Let s = -23 - d. Suppose -3*r + s*p = -3*p, -4*r = -5*p + 4. Let j(y) = -3*y + 5. Give j(r).
-7
Suppose 0 = 3*g - m - 48, -15 = 5*g - 2*m - 95. Let h be -1 + -3 + g/2. Let d(b) = b. Let z(l) = 2*l - 1. Let s(j) = h*z(j) - 9*d(j). Determine s(-4).
0
Suppose 5*o = -2*w + 76, 31 - 19 = 4*w. Let f(v) = -v + 4. Calculate f(o).
-10
Let v(j) = 7*j + 16. Let s(l) = -3*l - 3. Let m(p) = 2*s(p) + v(p). Determine m(-6).
4
Let a(m) be the second derivative of m**4/12 - m**3/2 - 2*m**2 - 5*m. Let y be a(4). Let p = y + 5. Let d(t) = t**3 - 6*t**2 + 5*t + 2. Determine d(p).
2
Let o = 53 + -44. Let j(i) = -i**2 + 8*i + 16. Determine j(o).
7
Let v(j) = j**2 - 3*j + 2. Let s be v(3). Let p(r) = 1 + r**3 - 5 + 7*r - 4 - 7*r**s - 2*r. Suppose 6*l - 30 = l. What is p(l)?
-14
Let x(n) = -n**3 + 8*n**2 - 9*n - 6. Let o = 255 + -248. What is x(o)?
-20
Let b = -44 + 46. Let r = -1 - b. Let v(m) = m**3 + 3*m**2 - 1. Calculate v(r).
-1
Let m(o) = 31*o**2 - 2*o - 1. Let w(u) = -9*u**2 - 7*u + 1. Let x be w(-1). Determine m(x).
32
Let l(s) be the first derivative of -s**3/3 + 7*s**2/2 + 13*s + 80. Give l(8).
5
Let l = 64 + -60. Let g(w) be the first derivative of -3/2*w**2 + 6 + 1/3*w**3 - l*w. What is g(5)?
6
Let o(a) = 4*a**3 - 4*a**2 - 12*a - 13. Let g(s) = 5*s**3 - 3*s**2 - 12*s - 14. Let c(w) = 5*g(w) - 6*o(w). Calculate c(-8).
-24
Let j(f) = f**3 - 4*f**2. Suppose -10*q + 6*q - 2*x + 4 = 0, -4*x = -3*q + 25. What is j(q)?
-9
Let s(y) be the second derivative of y**5/20 - 13*y**4/12 + 4*y**3/3 + 14*y**2 - 2*y - 69. What is s(12)?
-20
Suppose 8 = 4*j + 2*q - q, 4*j - q = 8. Let a(b) be the second derivative of b**5/20 - b**4/3 + b**3/6 + b**2/2 + 11*b. Give a(j).
-5
Suppose -3*j + 3 = 2*m, 2*m = j - 5*j + 4. Let w(b) = -b + b + b + m. Suppose 0 = -3*g - 2*u - 7, 2*g + u + 2*u + 3 = 0. Calculate w(g).
-3
Let g(h) = 53*h**2 - h**3 + 3*h - 51*h**2 + 3 - 6. Let t be (-4)/(-8 - -4)*3. Give g(t).
-3
Let v(k) = 15*k + 1. Suppose 0 = -2*b - 2*b + x + 4, -x = 0. Determine v(b).
16
Let i be 25/2 - 15/(-10). Let t(f) = f - 19. Calculate t(i).
-5
Let t(u) = -u**3 - 8*u**2 + 8*u - 13. Let r(f) = -f**2 - 41*f + 77. Let d be r(-43). Calculate t(d).
-4
Let y(q) = 0 + 2*q + 5 + 6 + 6*q - 10*q. Determine y(8).
-5
Let t(i) = i**3 + 6*i**2 - 8*i - 5. Let s be t(-7). Let q(y) = -s*y - 4 + 2*y + 2*y. Suppose -3*v + 5*v + 22 = 5*b, 0 = -2*b + 3*v. Determine q(b).
8
Let h(o) be the third derivative of o**5/60 + o**4/24 + o**3/6 - 213*o**2. Let c = 6 + -3. What is h(c)?
13
Let x(w) be the second derivative of w**4/12 + 7*w**3/6 + 5*w**2/2 + w. Let b = -4091 + 4086. Calculate x(b).
-5
Let o(v) be the first derivative of -10*v**3/3 + v + 1. Suppose y - 6 = -7. What is o(y)?
-9
Let k(f) be the second derivative of -f**4/12 + 2*f**3 - f**2 - 40*f. Give k(10).
18
Let m be 2*-3 + (9 - 4). Let b(f) = 2*f - 2. Let w(x) = -x. Suppose -3*g + 1 = -2*g. Let j(d) = g*b(d) + 3*w(d). Determine j(m).
-1
Let m(i) = i**2 + 5*i + 4. Let t be m(-4). Suppose t = 4*p + 12 - 20. Let q(x) = -x - 2. Calculate q(p).
-4
Let f(u) = -104 + u + 120 + u. Calculate f(-10).
-4
Let d(n) be the second derivative of n**6/60 + n**5/120 + n**4/24 + 13*n**3/3 + 14*n. Let a(t) be the second derivative of d(t). What is a(-1)?
6
Let l(a) = 12*a**2 - 33*a**2 + 20*a**2 - 5*a - 9. Suppose 3*q - q = 3*k + 12, -4*k - 2*q - 30 = 0. What is l(k)?
-15
Let n be 7/3 - 2/(-3). Let z be ((-2)/(-6))/(n/(-9)). Let g(b) = -22 - 20 - 25 + b + 68. Determine g(z).
0
Let u(j) = j**3 + 8*j**2 - j. Let t be ((-3)/1)/(15/40 + 0). Give u(t).
8
Suppose 3*c - 2 - 7 = 0. Let u(h) = 8 + 0*h**2 - 1 + 2*h**2 - h**c + 4*h**2 + 6*h. What is u(7)?
0
Let y(n) = 3*n - 15. Let b(o) = -2*o**3 + 3*o**2 - 3*o + 10. Let h be b(0). Give y(h).
15
Let a(r) = -3*r + 0 + 5*r + 10 - 6 - r. Give a(4).
8
Let g(q) = -q**2 + 4*q + 5. Suppose 0 = 4*b + 17*b - 84. What is g(b)?
5
Suppose d = -4*m + 5*d, 4*d - 8 = 0. Let z(b) = -24*b + 5. What is z(m)?
-43
Let o(x) = 21*x**3 + 0 - 20*x**3 + 21*x**2 - 2 - 9*x - 15*x**2. Determine o(-7).
12
Let s(x) = 2*x - 4. Let t = -28 - -37. Suppose 7*w - t*w + 6 = 0. What is s(w)?
2
Let l = -44 + 45. Let f be (-11)/22*(l + -3). Let v(i) be the third derivative of -i**6/30 - i**5/60 + i**2. Calculate v(f).
-5
Let n(t) = 7*t - 2. Let s(f) = 9*f - 1. Let j(r) = 5*n(r) - 4*s(r). What is j(-8)?
2
Let h = -60 + 104. Suppose h = -4*r - 60. Let x = 21 + r. Let y(c) = -c**3 - 4*c**2 + 3*c - 3. Calculate y(x).
7
Let d(x) = x**2 + 8*x + 15. Let f = -199 + 192. Determine d(f).
8
Let a(j) be the second derivative of j**6/60 + j**5/60 + 17*j**2/2 + 23*j. Let g(c) be the first derivative of a(c). Calculate g(-1).
-1
Let x(g) = -3*g + 0 + 6 + 0*g. Let j(i) = -i**3 + 10*i**2 - 12*i + 3. Let o be j(8). Suppose -4 = 34*f - o*f. Calculate x(f).
-6
Let l(v) be the third derivative of v**4/24 - v**2. Suppose -79*k - 62*k - 942 = 16*k. Give l(k).
-6
Let q(i) be the third derivative of -i**5/60 + 5*i**4/12 - i**3/2 - 5*i**2 + 2*i. Calculate q(8).
13
Let g(p) be the first derivative of -p**4/4 + 10*p**3/3 - 4*p**2 + 4*p - 18. Suppose -9 = -7*w + 6*w. Calculate g(w).
13
Let h(i) be the third derivative of i**5/60 - i**4/2 + 4*i**3/3 + 245*i**2. What is h(12)?
8
Let c(i) = -14*i - 38. Let k be c(-3). Suppose -5*o - k*j = -37, 2*o - 2*j = -0*o + 4. Let u(r) = -r**3 + 4*r**2 + 6*r + 3. Determine u(o).
8
Let l(i) = i**2 - 11*i - 147. Let f be l(-8). Let r(k) = k**3 - 4*k**2 - 6*k - 2. Calculate r(f).
-7
Let i(b) = -b**2 - 3*b - 7. Let g = -931 - -925. What is i(g)?
-25
Let h(o) be the first derivative of o**3/3 + 7*o**2 - 20*o - 83. Give h(-15).
-5
Let g(a) = -2*a**3 + 2*a**2 - 1. Let n be g(-1). Let f(h) = 8*h**2 + 3 - 30*h**n + 1 - 28*h**3 - 8*h + 59*h**3. Determine f(-9).
-5
Let v = 233 + -93. Let f be 40/v + 30/(-7). Let a(l) = 6*l + 23. Let w(k) = 4*k + 15. Let z(q) = -5*a(q) + 8*w(q). Give z(f).
-3
Suppose -57*v - 431 = -1343. Let x(l) = l**3 - 16*l**2 - 3. Determine x(v).
-3
Let b(v) = -6 - 2 - v**2 + 7 + 7 - 5*v. Give b(-7).
-8
Let r(u) = 3*u**2 + 19*u - 6. Let c(q) = q**2 - 3*q + 1. Let x(w) = 6*c(w) + r(w). What is x(-1)?
8
Let z(n) = -688*n + 35 + 1382*n - 696*n. What is z(14)?
7
Suppose 0 = -3*k - u + 77, 0 = -2*k + 4*u + 52 + 4. Suppose k = 5*i - v, 5*v - v - 46 = -5*i. Let w(m) = -m**3 + 6*m**2 + m - 8. Give w(i).
-2
Let n(m) = -4*m**2 + 2*m - 2. Suppose 0*y - 2*y = -a - 2, 5*y + 4*a = 5. Let b be n(y). Let g(w) = -w**2 - 3*w + 4. What is g(b)?
0
Let w = 514 - 510. Let m(v) = -v**3 + 4*v**2 + 2. Give m(w).
2
Suppose 3*w - 10 = w. Let o(x) = w*x**2 + 2*x**2 + x - x**2 + 865*x**3 - 866*x**3 + 1. What is o(6)?
7
Let h(y) = -y + 8. Let j = -1 - -8. Let l(t) = -2*t + 4. Let v be l(j). Let k be v/(-2)*(-42)/35. Give h(k).
14
Let b(s) = 7 + 0 - 5 - s**2 + 14*s + 7. Let o be b(15). Let x(y) = 3 - 5*y - y**2 + 4 - 3. What is x(o)?
-2
Let d(y) = -2*y**2 - 9*y + 13. Let l(m) = 6*m**2 + 26*m - 37. Let a(p) = -8*d(p) - 3*l(p). What is a(-5)?
-13
Let d(a) = a**2 - 10*a - 13. Suppose -2*z = 3*b - 28, -z - 14 - 27 = -4*b. Give d(b).
-13
Let a(y) = 2*y**2 - 3. Let w(r) = 9*r**2 - 15*r + 22. Let f(d) = 4*a(d) - w(d). What is f(14)?
-20
Let p be 1/(-4)*(-7 - -3). Let f(d) = -45*d + 1 - p + 44*d. What is f(5)?
-5
Let o(f) = 8*f + 349. Let i be o(-44). Let l(w) = -w**3 - 4*w**2 - w + 2. What is l(i)?
-4
Let c(p) = -7*p**2 - 2*p - 15. Let j(v) = 15*v**2 + 3*v + 31. Let d(i) = 13*c(i) + 6*j(i). Determine d(-6).
3
Let r be 10/(-15)*-6*1. Let a(z) = z - 9. Let b be a(14). Let v(m) = r - 4 - 5*m + 3*m**3 - 7*m**2 - 4*m**3 + b. What is v(-6)?
-1
Suppose 10 = o + 3*q - 8, 0 = -4*o - q + 17. Let y(n) = 7*n + 0 + o + 2*n**2 - 3*n**2. Let v = 157 - 151. Calculate y(v).
9
Let o be (-18 + 21)/((-6)/(-8)). Let c(s) = 5 + 11 + s**2 - 4*s - 26 + 5. Give c(o).
-5
Let f = -48 + 50. Let k(s) = s**2 + 2. Give k(f).
6
Let h(u) = -8*u + 10. Let w(z) = 5*z - 6. Let f(p) = 3*h(p) + 5*w(p). Calculate f(8).
8
Let f(o) be the first derivative of o**3/3 - 2*o**2 + 7*o - 37. Calculate f(4).
7
Let l be ((-8)/10)/(-1 - 15/(-25)). Let o(z) = -2 - 2*z**2 + 6*z + z**3 - z**l - 8*z. Give o(3).
-8
Let l(m) = -m**2 + 2*